t t = -17 + 20. Suppose t*f = -3, 2*w - 5*f - 645 - 24 = 0. List the prime factors of w.
2, 83
Suppose 0 = 4*t + 3977 - 13037. Suppose -5*o + t = -5*m, 4*o = 5*m + 2406 - 596. List the prime factors of o.
5, 7, 13
Let h(z) = 3*z**3 - 9*z**2 + 10*z - 13. Let t(o) = -2*o**3 + o**2 + o + 1. Let x(d) = h(d) + 4*t(d). What are the prime factors of x(-7)?
29, 47
Suppose -a + 4 - 76 = -4*w, 4*w - 4*a = 60. Suppose -14*u = -w*u + 490. Let x = 145 - u. What are the prime factors of x?
47
Suppose -877 = -3*k - 4*r, -214 = -2*k - 3*r + 369. Suppose 145*i = 146*i - k. What are the prime factors of i?
13, 23
Suppose 0 = -11*f - 6*f + 47*f - 290220. List the prime factors of f.
2, 7, 691
Suppose -4*r + 38996 = 5*z, 0 = 8*z - 10*z + 5*r + 15572. List the prime factors of z.
2, 1949
Suppose 2*z - 2*o + 518 = 0, 5*z + 1294 = -27*o + 31*o. List the prime factors of z/(66/24 - 4 - -1).
2, 3, 43
Suppose -3*z + z - 12 = 5*v, -4*z + 32 = -4*v. Suppose r - 5*n - 45 = -4*r, n = z*r - 36. Suppose -424 = -r*q - 82. What are the prime factors of q?
2, 19
What are the prime factors of 3/8 + -7 + ((-2615270)/(-112) - 15)?
41, 569
Let q = -27221 + 41302. List the prime factors of q.
14081
Suppose 4*k = 2*h - 4570, -8*h + 6819 = -5*h + 3*k. What are the prime factors of h?
3, 11, 23
Let k(o) = 10*o**2 - 13*o + 6796. What are the prime factors of k(55)?
47, 773
Let a be (-13)/((-65)/15560)*3/6. Suppose -12*l + 5924 = a. List the prime factors of l.
2, 7, 13
Suppose 36 - 14 = 11*n. What are the prime factors of (-946)/(-43)*61/n?
11, 61
Let c be (-10)/55 + (-90)/(-11) - -1. Suppose c*m = 1240 + 1289. What are the prime factors of m?
281
Let r be (-5)/((-35)/2) + 60/84. Let n = -43 - r. Let j = n + 102. List the prime factors of j.
2, 29
Let c = 465 - 465. Suppose -3*t - 3671 = -5*v, c*t + 737 = v - 2*t. List the prime factors of v.
733
Let f(c) = -c**3 - 2*c**2 + c + 4. Suppose -j - 4*z = -6 - 4, 4*z = -5*j + 18. Let y be -2 - (j + -5 - -6). List the prime factors of f(y).
2, 37
Let j = 25 - 67. Let m = 47 + j. Suppose -u = m*u - 366. What are the prime factors of u?
61
List the prime factors of (12 - (-338859)/(-6))*12/(-18).
37643
Let y be (-1)/(-2)*2/3*36. Suppose 0 = -y*b - 3*b - 210. What are the prime factors of 2/b - (-9792)/42?
233
Let w = -1675 + 4093. List the prime factors of w.
2, 3, 13, 31
Let n(a) = -2*a - 1. Let i(p) = 5*p - 33. Let z(g) = -i(g) - 2*n(g). What are the prime factors of z(23)?
2, 3
Let o = 6423 + -383. List the prime factors of o.
2, 5, 151
Let x(d) = 5*d - 77. Let j be x(15). List the prime factors of (-21)/12 - j - (-524)/16.
3, 11
Suppose -4*t + 113412 = -3*r, 2*t + 77*r - 78*r = 56708. List the prime factors of t.
2, 3, 17, 139
Suppose -5*w - 1330 = 5*o, 3*w + 1092 = -4*o + 6*w. Let x = o + 116. Let n = -101 - x. What are the prime factors of n?
53
Let r be -6 + (-3 + 7 - -5). Suppose 5*c = r*c + 3*m + 496, c - 248 = 5*m. List the prime factors of c.
2, 31
Suppose -8732 = -47*o + 6746 + 170125. What are the prime factors of o?
11, 359
Suppose 9*r = 13*r - 8. Let a(y) = -7 + 15*y**2 + 21 - 6*y**r - 3*y. What are the prime factors of a(3)?
2, 43
Let x = 34457 + -20478. List the prime factors of x.
7, 1997
Suppose 0 = -45*l + 142839 + 13536. List the prime factors of l.
5, 139
Let j(r) = -r**2 - 7*r - 8. Let s be (-11 - -9)*5/2. Let y be j(s). Suppose -72 = -x - 4*n, -y*x - 2*n + 270 = 3*x. List the prime factors of x.
2, 13
Let u(f) be the second derivative of 47*f**3/6 - 107*f**2/2 + 84*f. What are the prime factors of u(11)?
2, 5, 41
Let q = -116 + 342. Let y = q - -5. List the prime factors of y.
3, 7, 11
Let g be 6*-2*(-5)/40*-44. List the prime factors of (-7)/3 + (-106216)/g.
1607
What are the prime factors of 5 + (-181770)/(-18) + (-35)/15?
3, 7, 13, 37
Let i(n) = -n**3 + 27*n**2 - 63*n + 6. List the prime factors of i(24).
2, 3, 37
Suppose d = 2*f + 7, -5*d + 4*f = -39 + 16. Suppose d*y - 4829 + 128 = 0. List the prime factors of y.
1567
What are the prime factors of (470/35)/((-12)/(-54894))?
47, 1307
Let w(k) = -40*k - 7. Let u(f) = -2*f + 8. Let q be u(-12). Let n be (3/8)/(8/q)*-2. List the prime factors of w(n).
113
List the prime factors of (-2)/(-3)*43188/8 - -4.
3, 1201
Suppose -4*w + 24 + 15 = -c, c = -4*w + 33. Let x be 630/5*3/w. Suppose -x*b + 41*b = -17. List the prime factors of b.
17
Suppose -w + 3*t = 2*t + 2, 0 = 2*w - 4*t + 12. What are the prime factors of (1 + (-6)/w)*(-13995)/30?
3, 311
Suppose -r - 2 = 0, -2*y - 38*r + 39*r + 17898 = 0. What are the prime factors of y?
2, 2237
Let y = -69 + 116. Suppose -13 - y = -6*m. Let u(x) = 5*x - 11. What are the prime factors of u(m)?
3, 13
What are the prime factors of (-481)/(-3367) - (-217321)/7?
2, 19, 43
Suppose 80*p + 1407 = 83*p. Let c = 1055 - p. List the prime factors of c.
2, 293
Let m = -32 - -150. Let k(f) = -29*f + 2. Let d be k(-2). Let t = m - d. List the prime factors of t.
2, 29
Let w(y) be the first derivative of -y**5/60 + 7*y**4/3 + y**3/3 + 21. Let x(a) be the third derivative of w(a). What are the prime factors of x(0)?
2, 7
Suppose -3*o + 4*f + 1228 = 0, -1227 = -4*o + o + 3*f. Suppose 0 = -15*w + 12*w + o. What are the prime factors of w?
2, 17
What are the prime factors of (-70)/(-665) + 22361/19?
11, 107
Suppose 4*w + 3*r - 670 + 169 = 0, -w - r = -126. Let u(k) = k**3 - 8*k**2 + 12*k + 19. Let b be u(7). Let g = w - b. What are the prime factors of g?
3, 23
Let a(j) = 18*j - 11. Let v(s) = -27*s + 16. Let u(b) = -7*a(b) - 5*v(b). List the prime factors of u(6).
3, 17
List the prime factors of 24548/1*319/1276.
17, 19
Let p be (-1)/(-4) - (-4)/(-16). Let x be p + -2 - (-24 - 12/(-4)). What are the prime factors of (-4 + 1)/((-1)/x)?
3, 19
Let v(q) = 3*q + 13. Let w(o) = 7*o + 26. Let h(s) = 5*v(s) - 2*w(s). Let k be h(-13). Suppose k = 8*u - 9*u + 143. What are the prime factors of u?
11, 13
What are the prime factors of -8*(69 + 4)*(2 + 135/(-20))?
2, 19, 73
Let r = -26641 + 58346. What are the prime factors of r?
5, 17, 373
Suppose 59*b = 5*b + 369198. List the prime factors of b.
3, 43, 53
Let d = -3544 + 32276. List the prime factors of d.
2, 11, 653
Let q(f) = f**2 - f - 1. Let b(z) = 10*z**2 - 29*z - 40. Let u(s) = b(s) - 6*q(s). List the prime factors of u(17).
17, 43
Suppose -2*a + 8096 = l, -6*l + 5*a = 3*a - 48562. List the prime factors of l.
2, 3, 19, 71
Let z(h) = h**2 + 2*h - 20. Suppose -2*k + 6*k = 12, 0 = 3*b + 5*k + 6. Let g be z(b). Suppose 4*o - g = -o. List the prime factors of o.
3
List the prime factors of (-2)/(-9) + 6926813/2637.
37, 71
Suppose 7*d - 2*d - 15 = -2*a, 2*d - 6 = 4*a. Suppose a*p = -10*p - 640. Let t = p + 182. List the prime factors of t.
2, 59
Let o(d) = 97*d**2 - 12*d - 69. List the prime factors of o(-6).
3, 5, 233
Suppose 2*y + 3*y = 20. Let w(c) be the third derivative of -c**6/120 + c**5/12 + 5*c**4/24 - 5*c**3/6 + 614*c**2. What are the prime factors of w(y)?
31
Suppose 0 = -o + 171 + 424. Let t = 2519 + -2514. Suppose -12*s + o = -t*s. List the prime factors of s.
5, 17
What are the prime factors of ((-22027)/3 + -1)/(18/(-378)*14)?
5, 2203
Suppose 0 = c + 2*i + 10, 4*c - 2*i - 11 = -1. Suppose c = -4*l - 7 + 711. List the prime factors of l.
2, 11
Let b = 10676 + -4449. List the prime factors of b.
13, 479
Suppose 3*o - 560 = 1636. Suppose -2*i = -7*i + 3*l + 1221, -2*l - o = -3*i. Suppose -t + 4*s = s - 69, 2*s = 4*t - i. What are the prime factors of t?
2, 3, 5
Suppose 0 = -43*v + 121 - 35. Suppose v*x + 3*o = 3*x - 469, 0 = x + 4*o - 490. What are the prime factors of x?
2, 239
Suppose -c + 5*w + 242 = 0, -5*c + 3*w + 1312 = -8. List the prime factors of c.
3, 89
Let p be -3 + (-8)/(-4) + 2. Suppose -2*f + 97 - p = g, -3*f + 144 = 5*g. Let l = 76 - f. What are the prime factors of l?
2, 7
Let q be 25683/(-147) + 6/(-21). Let k(d) = d**3 - 9*d**2 - 5*d - 7. Let o be k(7). Let j = o - q. List the prime factors of j.
5, 7
Let a be (12/(-12))/((-2)/4). Suppose -4*b = -2*u + 462, 4*b = -3*u + a*u + 237. List the prime factors of u.
233
Suppose 33*s + 1575 = 18*s. Let m = s + 545. What are the prime factors of m?
2, 5, 11
Suppose -2 - 14 = -5*k + 2*x, 4*k - 5*x = 6. Suppose k*l - 54 = -2. What are the prime factors of l?
13
Let u = 59 + -57. Suppose -v = u*v - 6. Suppose -r + 56 = -v. What are the p